{"id":50946,"date":"2025-09-10T19:26:18","date_gmt":"2025-09-10T19:26:18","guid":{"rendered":"https:\/\/parquecomerciallosolivos.com\/?page_id=50946"},"modified":"2025-09-10T19:26:19","modified_gmt":"2025-09-10T19:26:19","slug":"2-politica-de-privacidad","status":"publish","type":"page","link":"https:\/\/parquecomerciallosolivos.com\/index.php\/2-politica-de-privacidad\/","title":{"rendered":"2. Pol\u00edtica de Privacidad"},"content":{"rendered":"\n<p><strong>2. Pol\u00edtica de Privacidad<\/strong><\/p>\n\n\n\n<p><strong>Responsable del tratamiento<\/strong><\/p>\n\n\n\n<ul class=\"wp-block-list\">\n<li><strong>Empresa:<\/strong>\u00a0Certain S.L.<\/li>\n\n\n\n<li><strong>CIF:<\/strong>\u00a0B30326714<\/li>\n\n\n\n<li><strong>Direcci\u00f3n:<\/strong>\u00a0Calle Paseo, 12 \u2013 Bj, 30530 Cieza (Murcia), Espa\u00f1a<\/li>\n\n\n\n<li><strong>Correo electr\u00f3nico:<\/strong>\u00a0<a>info@parquecomerciallosolivos.com<\/a><\/li>\n\n\n\n<li><strong>Tel\u00e9fono:<\/strong>\u00a0+34 968 453 905<\/li>\n<\/ul>\n\n\n\n<p><strong>Finalidad del tratamiento<\/strong><br>Los datos personales recogidos a trav\u00e9s de los formularios de la web ser\u00e1n tratados con las siguientes finalidades:<\/p>\n\n\n\n<ul class=\"wp-block-list\">\n<li>Responder a consultas y solicitudes enviadas por los usuarios.<\/li>\n\n\n\n<li>Gestionar la suscripci\u00f3n a boletines informativos sobre novedades, eventos y promociones del parque.<\/li>\n\n\n\n<li>Realizar comunicaciones comerciales relacionadas con las actividades y operadores del Parque Comercial y de Ocio Los Olivos.<\/li>\n<\/ul>\n\n\n\n<p><strong>Legitimaci\u00f3n<\/strong><br>La base legal para el tratamiento de sus datos es el consentimiento del usuario al aceptar esta pol\u00edtica de privacidad y marcar las casillas correspondientes en los formularios.<\/p>\n\n\n\n<p><strong>Conservaci\u00f3n de los datos<\/strong><br>Los datos se conservar\u00e1n mientras exista una relaci\u00f3n contractual o de servicio, mientras el usuario no solicite su supresi\u00f3n, o durante los plazos legales exigidos.<\/p>\n\n\n\n<p><strong>Destinatarios<\/strong><br>Certain S.L. no ceder\u00e1 datos personales a terceros salvo obligaci\u00f3n legal. S\u00ed podr\u00e1n acceder a los datos proveedores tecnol\u00f3gicos que act\u00faan como encargados de tratamiento.<\/p>\n\n\n\n<p><strong>Derechos de los usuarios<\/strong><br>Los usuarios podr\u00e1n ejercer sus derechos de acceso, rectificaci\u00f3n, supresi\u00f3n, limitaci\u00f3n, portabilidad y oposici\u00f3n escribiendo a&nbsp;<a>info@parquecomerciallosolivos.com<\/a>, acompa\u00f1ando copia de su DNI.<\/p>\n\n\n\n<p>En caso de discrepancia, el usuario podr\u00e1 acudir a la&nbsp;<strong>Agencia Espa\u00f1ola de Protecci\u00f3n de Datos (AEPD)<\/strong>.<\/p>\n","protected":false},"excerpt":{"rendered":"<p>2. Pol\u00edtica de Privacidad Responsable del tratamiento Finalidad del tratamientoLos datos personales recogidos a trav\u00e9s de los formularios de la web ser\u00e1n tratados con las siguientes finalidades: Legitimaci\u00f3nLa base legal&#8230;<\/p>\n","protected":false},"author":1,"featured_media":0,"parent":0,"menu_order":0,"comment_status":"closed","ping_status":"closed","template":"","meta":{"_acf_changed":false,"footnotes":""},"class_list":["post-50946","page","type-page","status-publish","hentry"],"acf":[],"_links":{"self":[{"href":"https:\/\/parquecomerciallosolivos.com\/index.php\/wp-json\/wp\/v2\/pages\/50946","targetHints":{"allow":["GET"]}}],"collection":[{"href":"https:\/\/parquecomerciallosolivos.com\/index.php\/wp-json\/wp\/v2\/pages"}],"about":[{"href":"https:\/\/parquecomerciallosolivos.com\/index.php\/wp-json\/wp\/v2\/types\/page"}],"author":[{"embeddable":true,"href":"https:\/\/parquecomerciallosolivos.com\/index.php\/wp-json\/wp\/v2\/users\/1"}],"replies":[{"embeddable":true,"href":"https:\/\/parquecomerciallosolivos.com\/index.php\/wp-json\/wp\/v2\/comments?post=50946"}],"version-history":[{"count":1,"href":"https:\/\/parquecomerciallosolivos.com\/index.php\/wp-json\/wp\/v2\/pages\/50946\/revisions"}],"predecessor-version":[{"id":50947,"href":"https:\/\/parquecomerciallosolivos.com\/index.php\/wp-json\/wp\/v2\/pages\/50946\/revisions\/50947"}],"wp:attachment":[{"href":"https:\/\/parquecomerciallosolivos.com\/index.php\/wp-json\/wp\/v2\/media?parent=50946"}],"curies":[{"name":"wp","href":"https:\/\/api.w.org\/{rel}","templated":true}]}}