{"id":50948,"date":"2025-09-10T19:26:56","date_gmt":"2025-09-10T19:26:56","guid":{"rendered":"https:\/\/parquecomerciallosolivos.com\/?page_id=50948"},"modified":"2025-09-10T19:26:57","modified_gmt":"2025-09-10T19:26:57","slug":"3-politica-de-cookies","status":"publish","type":"page","link":"https:\/\/parquecomerciallosolivos.com\/index.php\/3-politica-de-cookies\/","title":{"rendered":"3. Pol\u00edtica de Cookies"},"content":{"rendered":"\n<p><strong>3. Pol\u00edtica de Cookies<\/strong><\/p>\n\n\n\n<p><strong>Uso de cookies en esta web<\/strong><br>La web del&nbsp;<strong>Parque Comercial y de Ocio Los Olivos<\/strong>&nbsp;utiliza cookies propias y de terceros con el objetivo de mejorar la experiencia de navegaci\u00f3n, obtener estad\u00edsticas de uso y ofrecer publicidad personalizada en funci\u00f3n de sus h\u00e1bitos de navegaci\u00f3n.<\/p>\n\n\n\n<p><strong>\u00bfQu\u00e9 son las cookies?<\/strong><br>Son peque\u00f1os archivos que el navegador almacena en el dispositivo del usuario y que permiten recordar informaci\u00f3n t\u00e9cnica, preferencias de navegaci\u00f3n o datos estad\u00edsticos.<\/p>\n\n\n\n<p><strong>Tipos de cookies utilizadas<\/strong><\/p>\n\n\n\n<ul class=\"wp-block-list\">\n<li><strong>T\u00e9cnicas:<\/strong>\u00a0necesarias para el funcionamiento de la web (sesi\u00f3n, seguridad, formularios).<\/li>\n\n\n\n<li><strong>De personalizaci\u00f3n:<\/strong>\u00a0permiten recordar idioma, regi\u00f3n u otras preferencias.<\/li>\n\n\n\n<li><strong>De an\u00e1lisis:<\/strong>\u00a0nos ayudan a medir la actividad de la web y elaborar estad\u00edsticas.<\/li>\n\n\n\n<li><strong>Publicitarias:<\/strong>\u00a0gestionadas por terceros como Google Ads o Meta Ads, permiten mostrar anuncios adaptados al perfil del usuario.<\/li>\n<\/ul>\n\n\n\n<p><strong>Gesti\u00f3n de cookies<\/strong><br>El usuario puede aceptar, rechazar o configurar las cookies en cualquier momento a trav\u00e9s del banner habilitado en la web o ajustando la configuraci\u00f3n de su navegador (Chrome, Safari, Firefox, Edge).<\/p>\n\n\n\n<p><strong>Consentimiento<\/strong><br>Al aceptar el aviso de cookies, el usuario consiente expresamente la utilizaci\u00f3n de las cookies en los t\u00e9rminos descritos en esta pol\u00edtica.<\/p>\n\n\n\n<p><\/p>\n","protected":false},"excerpt":{"rendered":"<p>3. Pol\u00edtica de Cookies Uso de cookies en esta webLa web del&nbsp;Parque Comercial y de Ocio Los Olivos&nbsp;utiliza cookies propias y de terceros con el objetivo de mejorar la experiencia&#8230;<\/p>\n","protected":false},"author":1,"featured_media":0,"parent":0,"menu_order":0,"comment_status":"closed","ping_status":"closed","template":"","meta":{"_acf_changed":false,"footnotes":""},"class_list":["post-50948","page","type-page","status-publish","hentry"],"acf":[],"_links":{"self":[{"href":"https:\/\/parquecomerciallosolivos.com\/index.php\/wp-json\/wp\/v2\/pages\/50948","targetHints":{"allow":["GET"]}}],"collection":[{"href":"https:\/\/parquecomerciallosolivos.com\/index.php\/wp-json\/wp\/v2\/pages"}],"about":[{"href":"https:\/\/parquecomerciallosolivos.com\/index.php\/wp-json\/wp\/v2\/types\/page"}],"author":[{"embeddable":true,"href":"https:\/\/parquecomerciallosolivos.com\/index.php\/wp-json\/wp\/v2\/users\/1"}],"replies":[{"embeddable":true,"href":"https:\/\/parquecomerciallosolivos.com\/index.php\/wp-json\/wp\/v2\/comments?post=50948"}],"version-history":[{"count":1,"href":"https:\/\/parquecomerciallosolivos.com\/index.php\/wp-json\/wp\/v2\/pages\/50948\/revisions"}],"predecessor-version":[{"id":50949,"href":"https:\/\/parquecomerciallosolivos.com\/index.php\/wp-json\/wp\/v2\/pages\/50948\/revisions\/50949"}],"wp:attachment":[{"href":"https:\/\/parquecomerciallosolivos.com\/index.php\/wp-json\/wp\/v2\/media?parent=50948"}],"curies":[{"name":"wp","href":"https:\/\/api.w.org\/{rel}","templated":true}]}}